{"id":11,"date":"2014-07-16T12:30:52","date_gmt":"2014-07-16T10:30:52","guid":{"rendered":"http:\/\/bogielczyk.sight.com.pl\/?page_id=11"},"modified":"2026-03-12T11:37:53","modified_gmt":"2026-03-12T10:37:53","slug":"medycyna-estetyczna","status":"publish","type":"page","link":"https:\/\/bogielczykstomatologia.pl\/?page_id=11","title":{"rendered":"Medycyna estetyczna"},"content":{"rendered":"<p>&nbsp;<\/p>\n<h6 style=\"text-align: justify;\"><span style=\"font-family: arial, helvetica, sans-serif;\"><b><span style=\"color: #2c2a2b;\">P<\/span><\/b><b><span style=\"color: #2c2a2b;\">roponujemy Pa\u0144stwu skuteczny spos\u00f3b na\u00a0usuwanie zmarszczek.\u00a0<\/span><\/b><b><span style=\"color: #2c2a2b;\">W naszym Gabinecie stosujemy materia\u0142y najwy\u017cszej jako\u015bci. Pacjentom zapewniamy komfort bezbolesnych zabieg\u00f3w, dzi\u0119ki\u00a0<\/span><\/b><b><span style=\"color: #2c2a2b;\">znieczuleniom\u00a0<\/span><\/b><b><span style=\"color: #2c2a2b;\">stomatologicznym. Wszystko to w mi\u0142ej i\u00a0dyskretnej atmosferze. <\/span><\/b><span style=\"color: #2c2a2b;\"><b>\u00a0Dzi\u0119ki innowacyjnym metodom efekty s\u0105 widoczne bardzo szybko.<\/b> Ju\u017c po\u00a0pierwszym zabiegu wida\u0107 wyra\u017ane r\u00f3\u017cnice w:<\/span><\/span><\/h6>\n<ul style=\"color: #2c2a2b;\">\n<li>\n<h6><span style=\"font-family: arial, helvetica, sans-serif;\">napi\u0119ciu sk\u00f3ry wok\u00f3\u0142 oczu,<\/span><\/h6>\n<\/li>\n<li>\n<h6><span style=\"font-family: arial, helvetica, sans-serif;\">zwi\u0119kszeniu obj\u0119to\u015bci ust<\/span><\/h6>\n<\/li>\n<li>\n<h6><span style=\"font-family: arial, helvetica, sans-serif;\">wyg\u0142adzeniu czo\u0142a<\/span><\/h6>\n<\/li>\n<li>\n<h6><span style=\"font-family: arial, helvetica, sans-serif;\">usuni\u0119ciu\u00a0\u00a0\u201ekurzych \u0142apek\u201d<\/span><\/h6>\n<\/li>\n<li>\n<h6><span style=\"font-family: arial, helvetica, sans-serif;\"> wyg\u0142adzeniu fa\u0142du nosowo-wargowego,<\/span><\/h6>\n<\/li>\n<li>\n<h6><span style=\"font-family: arial, helvetica, sans-serif;\">pozbyciu si\u0119 zmarszczek nad\u00a0g\u00f3rn\u0105 warg\u0105, tzw \u201ezmarszczek palacza\u201d<\/span><\/h6>\n<\/li>\n<li>\n<h6><span style=\"font-family: arial, helvetica, sans-serif;\">pozbyciu si\u0119 zmarszczki miedzy brwiami, tzw\u00a0\u201ezmarszczki lwiej\u201d<\/span><\/h6>\n<\/li>\n<li>\n<h6><span style=\"font-family: arial, helvetica, sans-serif;\">modelowaniu owalu twarzy<\/span><\/h6>\n<\/li>\n<\/ul>\n","protected":false},"excerpt":{"rendered":"<p>&nbsp; Proponujemy Pa\u0144stwu skuteczny spos\u00f3b na\u00a0usuwanie zmarszczek.\u00a0W naszym Gabinecie stosujemy materia\u0142y najwy\u017cszej jako\u015bci. Pacjentom zapewniamy komfort bezbolesnych zabieg\u00f3w, dzi\u0119ki\u00a0znieczuleniom\u00a0stomatologicznym. Wszystko [&hellip;]<\/p>\n","protected":false},"author":2,"featured_media":0,"parent":0,"menu_order":0,"comment_status":"closed","ping_status":"open","template":"","meta":{"footnotes":""},"class_list":["post-11","page","type-page","status-publish","hentry"],"_links":{"self":[{"href":"https:\/\/bogielczykstomatologia.pl\/index.php?rest_route=\/wp\/v2\/pages\/11","targetHints":{"allow":["GET"]}}],"collection":[{"href":"https:\/\/bogielczykstomatologia.pl\/index.php?rest_route=\/wp\/v2\/pages"}],"about":[{"href":"https:\/\/bogielczykstomatologia.pl\/index.php?rest_route=\/wp\/v2\/types\/page"}],"author":[{"embeddable":true,"href":"https:\/\/bogielczykstomatologia.pl\/index.php?rest_route=\/wp\/v2\/users\/2"}],"replies":[{"embeddable":true,"href":"https:\/\/bogielczykstomatologia.pl\/index.php?rest_route=%2Fwp%2Fv2%2Fcomments&post=11"}],"version-history":[{"count":16,"href":"https:\/\/bogielczykstomatologia.pl\/index.php?rest_route=\/wp\/v2\/pages\/11\/revisions"}],"predecessor-version":[{"id":28988,"href":"https:\/\/bogielczykstomatologia.pl\/index.php?rest_route=\/wp\/v2\/pages\/11\/revisions\/28988"}],"wp:attachment":[{"href":"https:\/\/bogielczykstomatologia.pl\/index.php?rest_route=%2Fwp%2Fv2%2Fmedia&parent=11"}],"curies":[{"name":"wp","href":"https:\/\/api.w.org\/{rel}","templated":true}]}}