{"id":71,"date":"2014-07-17T15:20:14","date_gmt":"2014-07-17T13:20:14","guid":{"rendered":"http:\/\/bogielczyk.sight.com.pl\/?page_id=71"},"modified":"2026-03-12T11:37:53","modified_gmt":"2026-03-12T10:37:53","slug":"protetyka","status":"publish","type":"page","link":"https:\/\/bogielczykstomatologia.pl\/?page_id=71","title":{"rendered":"Protetyka"},"content":{"rendered":"<p style=\"text-align: justify;\"><span style=\"color: #000000;\">Dzia\u0142 stomatologii po\u015bwi\u0119cony odtwarzaniu pierwotnych warunk\u00f3w zgryzowych po utracie z\u0119b\u00f3w naturalnych. Zakres us\u0142ug protetycznych jaki oferujemy naszym Pacjentom jest bardzo szeroki. Wykonujemy korony i mosty na podbudowie metalowej lub pe\u0142noceramiczne. Jako filary wykorzystujemy z\u0119by w\u0142asne pacjenta. W przypadku braku naturalnych filar\u00f3w zast\u0119pujemy je implantami. Wykonujemy te\u017c prace z wykorzystaniem element\u00f3w precyzyjnych i estetycznych. Nasz sukces na polu protetyki w du\u017cej mierze zawdzi\u0119czamy renomowanym laboratoriom technicznym z Poznania, z kt\u00f3rymi wsp\u00f3\u0142pracujemy.<\/span><\/p>\n","protected":false},"excerpt":{"rendered":"<p>Dzia\u0142 stomatologii po\u015bwi\u0119cony odtwarzaniu pierwotnych warunk\u00f3w zgryzowych po utracie z\u0119b\u00f3w naturalnych. Zakres us\u0142ug protetycznych jaki oferujemy naszym Pacjentom jest bardzo [&hellip;]<\/p>\n","protected":false},"author":2,"featured_media":0,"parent":9,"menu_order":0,"comment_status":"closed","ping_status":"closed","template":"","meta":{"footnotes":""},"class_list":["post-71","page","type-page","status-publish","hentry"],"_links":{"self":[{"href":"https:\/\/bogielczykstomatologia.pl\/index.php?rest_route=\/wp\/v2\/pages\/71","targetHints":{"allow":["GET"]}}],"collection":[{"href":"https:\/\/bogielczykstomatologia.pl\/index.php?rest_route=\/wp\/v2\/pages"}],"about":[{"href":"https:\/\/bogielczykstomatologia.pl\/index.php?rest_route=\/wp\/v2\/types\/page"}],"author":[{"embeddable":true,"href":"https:\/\/bogielczykstomatologia.pl\/index.php?rest_route=\/wp\/v2\/users\/2"}],"replies":[{"embeddable":true,"href":"https:\/\/bogielczykstomatologia.pl\/index.php?rest_route=%2Fwp%2Fv2%2Fcomments&post=71"}],"version-history":[{"count":1,"href":"https:\/\/bogielczykstomatologia.pl\/index.php?rest_route=\/wp\/v2\/pages\/71\/revisions"}],"predecessor-version":[{"id":72,"href":"https:\/\/bogielczykstomatologia.pl\/index.php?rest_route=\/wp\/v2\/pages\/71\/revisions\/72"}],"up":[{"embeddable":true,"href":"https:\/\/bogielczykstomatologia.pl\/index.php?rest_route=\/wp\/v2\/pages\/9"}],"wp:attachment":[{"href":"https:\/\/bogielczykstomatologia.pl\/index.php?rest_route=%2Fwp%2Fv2%2Fmedia&parent=71"}],"curies":[{"name":"wp","href":"https:\/\/api.w.org\/{rel}","templated":true}]}}